Suppose 6 = -x*w - 10. Let s(k) = -11*k - 19. List the prime factors of s(w).
3, 23
Let y(u) = 1397*u**2 + u - 1. Let q be y(1). Let x(l) = -l + 6. Let o be x(-4). Suppose o*j = -j + q. What are the prime factors of j?
127
What are the prime factors of 9/((-27)/(-10))*(-36678)/(-5) - 7?
5, 4889
Let z(h) = -181*h - 180. Let d(x) = -3*x**2 - 3*x + 2. Let p be d(1). List the prime factors of z(p).
2, 17
What are the prime factors of (-3 - -5289)*(8 + (4/3)/2)?
2, 13, 881
Suppose 155 = 9*i - 4*i. Let v = i + -28. List the prime factors of (-1)/v*2442/(-11).
2, 37
Suppose 79*h - 83*h = 4*r - 25708, 0 = 2*r - 4*h - 12842. List the prime factors of r.
5, 257
List the prime factors of (-6)/(-9)*((-24)/10)/(54/(-730755)).
2, 5413
What are the prime factors of ((-11)/110*-10)/(((-20)/117172)/(-5))?
11, 2663
Suppose 0 = h - 4*l - 18924, 293*l + 37782 = 2*h + 296*l. List the prime factors of h.
2, 3, 5, 7
Suppose 378 = 9*g - 162. List the prime factors of (-6)/(410/(-1608) - (-15)/g).
2, 3, 67
Suppose -31767 = -4*z + 8260 + 40017. List the prime factors of z.
20011
Suppose 269*p - 758644 = -25*p + 1587476. What are the prime factors of p?
2, 3, 5, 7, 19
Let f = 2383 + -358. Let n = f - 1075. What are the prime factors of n?
2, 5, 19
Suppose 4*k - 5*s = 15925, 4534 = k - s + 554. List the prime factors of k.
3, 5, 53
Let u(f) = 26*f**2 + 153*f - 5531. List the prime factors of u(34).
3, 367
Let p(c) = 56*c**2 + 20*c. Let s be 7/7 + 3 - 6. What are the prime factors of p(s)?
2, 23
Let p(b) = 14142*b**2 - 23*b + 1. What are the prime factors of p(1)?
2, 5, 353
Let z = 1868 + 923. What are the prime factors of z?
2791
Let f(d) = 3*d - 18. Let t be f(11). Suppose t*m - 11*m = 1332. What are the prime factors of m?
3, 37
Let c = 262 + -300. Let v be ((-11)/5 - -1)*-130. Let z = v + c. What are the prime factors of z?
2, 59
Let a = -12928 - -30545. What are the prime factors of a?
79, 223
Suppose -4*q + 3*b = -123452, 5*b + 26 = 46. List the prime factors of q.
2, 11, 23, 61
Suppose 69 = -8*a + 1029. Let f = a + -118. Suppose 0 = 4*h - y - 520, -f*h = -0*h - 2*y - 266. List the prime factors of h.
3, 43
Let z(n) = 18*n + 697. What are the prime factors of z(-34)?
5, 17
Let p(y) = 65*y + 32. Let o = 199 - 195. List the prime factors of p(o).
2, 73
Let z(r) = 52*r + 1. Let c be z(-1). Let v = c + 107. List the prime factors of v.
2, 7
Suppose 4 = -7*b - 31. List the prime factors of 62846/335 - (-3)/b.
11, 17
Suppose 65*w = 3746554 + 780761. List the prime factors of w.
3, 71, 109
Let u = 8 + -6. Let c be (-6)/(((-9)/(-1233))/(u/(-4))). Suppose 0 = -3*q + 5*r + c, -2*r - 97 = -5*q + 588. What are the prime factors of q?
137
List the prime factors of (-140)/(-6)*(4 - 1970/(-25)).
2, 3, 7, 23
Let c(q) = 10*q + 13. Suppose 2*u + b - 27 = -u, 4*b = 3*u - 12. Suppose 16 = u*w - 16. List the prime factors of c(w).
53
Suppose -2*k - 2*q = -5716, -k = 124*q - 125*q - 2864. List the prime factors of k.
2861
Suppose -5*s - 10 = 0, -4*s - 5 = -q + 2. List the prime factors of (21/(-42))/(((-2)/(-1468))/q).
367
Let v(m) = -6*m**3 + 150*m**2 - 25*m - 9. List the prime factors of v(22).
31, 263
Suppose 6*b - 20*b + 168 = 0. Suppose 0*k - b*k + 9504 = 0. What are the prime factors of k?
2, 3, 11
Let g(a) = 2*a**2 - 2*a + 10. Suppose 4*l - 276 = -4*z, 89 = z + 9*l - 4*l. Suppose -z = -t - 7*t. What are the prime factors of g(t)?
2, 61
Let h = 118 + 146. Let z = 829 - h. List the prime factors of z.
5, 113
Let m = -527 + 2695. What are the prime factors of m?
2, 271
Let n(u) = 87*u - 1760. What are the prime factors of n(48)?
2, 151
Let a = -244 - -422. Let x = a + 169. What are the prime factors of x?
347
Let v(j) = -2*j**3 - 53*j**2 - 57*j - 1. Let b be v(-25). Let w = b - -1036. List the prime factors of w.
3, 5, 13
Suppose x + 35 = 37. Suppose -3*i = -f + 3*f + 62, x*i + 28 = -4*f. Let y = 34 - i. List the prime factors of y.
2, 29
Suppose -108*s - 176971 + 682483 = 28*s. What are the prime factors of s?
3, 7, 59
Let v be 0 + (-138696)/(-6) + -5. Suppose 50*k + v = 87911. What are the prime factors of k?
2, 3
Let m be 165/6 + (-3)/6 + 0. Suppose 22*v = -4*o + m*v + 454, -8 = 4*v. List the prime factors of o.
3, 37
Suppose 28 = -7*n - 56. Let s(p) be the first derivative of -3*p**2/2 + 13*p + 8. What are the prime factors of s(n)?
7
Suppose -5220 = -7*f + 2053. Suppose -2*q - f = -5*g + 1425, 0 = 5*g + q - 2458. What are the prime factors of g?
2, 3, 41
List the prime factors of (-64)/(-112) + 13250/14.
947
Suppose -5*a = -2*t + 94522, -119400 = -4*t + 4*a + 69596. List the prime factors of t.
3, 29, 181
Suppose -5*a + 8 = -3*a. Suppose v - 933 = -6*s + 9*s, a*v - 3699 = s. What are the prime factors of v?
2, 3, 7, 11
Suppose 41*m + 8872 + 4740 = 0. Let f = -270 - 243. Let y = m - f. List the prime factors of y.
181
Let m(h) = h**3 - 2*h**2 - 3*h - 1. Let a be m(3). Let x(r) = -r**2 - 4*r + 2. Let v be x(-5). What are the prime factors of -3 + (15 - a) - v?
2
Suppose 0 = -5*i + 25, 5*q - 3*i - 221750 = 7*i. List the prime factors of q.
2, 5, 1109
Suppose 3*n + 3*z - 2662 - 74 = 0, -4*z = n - 900. Suppose 2*v - 4*r - n = 0, 3*v - 2*r = 2006 - 620. List the prime factors of v.
2, 29
Let p(u) = -u**3 + 9*u**2 - 4. Let i(o) = -o**2. Let c = 39 + -35. Let a(q) = c*i(q) + p(q). List the prime factors of a(-4).
2, 5, 7
Let b = 3 - -1. Suppose 5*m - 4*v - 348 = 0, -3*v - 299 = -5*m - 6*v. List the prime factors of (b/(m/(-692)))/((-1)/4).
173
Let t(r) = 47*r + 239. Let y be t(-5). Suppose 26*o = -y*o + 31740. List the prime factors of o.
2, 23
What are the prime factors of -2*(-2)/(-4) + (5855 - -4) + 1?
3, 7, 31
Suppose 89*p = 90*p - 104. Suppose 4*q = 2*k - 1432, -2*q + 600 + p = k. List the prime factors of k.
2, 5, 71
Suppose 4*w = -5*z + 1916, z = -3*w - 2*w + 2395. Suppose 0 = -4*i + 1293 + w. What are the prime factors of i?
443
List the prime factors of ((-20399925)/(-26))/25*-2*(-4)/12.
7, 61
Let y = 20 - 23. Let m be 2/y*(-5187)/14. Suppose -3*k - 3 = 0, 0*s + 5*k = -2*s + m. What are the prime factors of s?
2, 3, 7
Let u = -51673 - -91059. What are the prime factors of u?
2, 47, 419
Let d = -213 - -205. Let b(t) = -76*t + 8. List the prime factors of b(d).
2, 7, 11
Suppose 0 = 79*x - 1584762 + 357339. List the prime factors of x.
3, 5179
Suppose 0*o - o = 5*c - 62, 0 = 4*o - c - 185. Let m = 593 - o. Suppose -z - m = -5*z - x, -135 = -z - x. List the prime factors of z.
137
Let h = 143 + 20. Let b = -40 + h. List the prime factors of b.
3, 41
Let u = -40 - -44. Suppose 7*j - 2*h - 24 = 3*j, 8 = -u*h. Suppose 7*q = j*q + 136. What are the prime factors of q?
2, 17
Let g(y) = 2*y**3 + 29*y**2 + 6*y + 531. List the prime factors of g(-15).
2, 3
Let r(w) = 11293*w - 11300*w + 15*w**2 - 7 + 16*w**2. List the prime factors of r(-4).
11, 47
Let x = 34314 - 20470. What are the prime factors of x?
2, 3461
Let b be (-9)/(-6)*((-434)/(-6) - -1). What are the prime factors of (594/b)/(6/20)?
2, 3
Suppose -35*l = -69049 - 41201. List the prime factors of l.
2, 3, 5, 7
Let s(d) = 23*d**2 + 8*d - 12. Let m be s(-5). Suppose -4*x = m - 2303. List the prime factors of x.
5, 89
Let s(q) = 261*q - 1777. What are the prime factors of s(74)?
13, 19, 71
Suppose 0 = -2*l - 4*z + 50866, -4*l + 20653 = -5*z - 81014. List the prime factors of l.
25423
Let n(a) = a**3 + 12*a**2 - 10*a + 6. Let d be n(-9). List the prime factors of d/9*(-4 + 19).
5, 113
Let p(s) = -25*s + 35. Let v be p(6). Let k = v + 239. Suppose -336 = -4*j - k. What are the prime factors of j?
53
Suppose -4*s = t - 26081, -2*s = 4*t - 11104 - 1926. List the prime factors of s.
6521
Suppose 665 = 21*d - 14*d. Suppose 106*v = d*v + 5885. List the prime factors of v.
5, 107
Suppose -4*p + 5*k = -347, 264 = -0*p + 3*p - 3*k. Let b = -91 + p. List the prime factors of (3 + -4 + b)*1 + 26.
3
Let v be (-2042)/(-4) + ((-20)/4)/10. Suppose 2*i + 11*l - v = 9*l, -4*i + 1017 = 3*l. List the prime factors of i.
2, 3, 7
Let d(i) = 19*i - 8. Let g be d(12). Suppose -b = 3*r + g, b = 2*r + 2*b + 145. What are the prime factors of 8/(0 + (-10)/r)?
2, 3, 5
Let l(q) = -q**3 + 2*q**2 - 9*q - 1. Let y(s) = s**3 + s**2. Let k(v) = l(v) + 3*y(v). Suppose 0 = -d + 4, -2*u = -2*d + 4 - 4. List the prime factors of k(u).
3, 19
Let r be 3/(-6)*-5*(4 - 